of 2911 and 71.
71
Calculate the greatest common factor of 14 and 378.
14
Calculate the highest common factor of 7 and 7.
7
Calculate the highest common divisor of 20605 and 65.
65
What is the greatest common factor of 16 and 5008?
16
Calculate the greatest common factor of 4 and 4.
4
Calculate the highest common factor of 27649 and 86.
43
Calculate the highest common divisor of 304 and 16.
16
What is the greatest common factor of 1081 and 943?
23
What is the greatest common factor of 170 and 51?
17
Calculate the greatest common factor of 961 and 124.
31
What is the highest common factor of 5 and 2045?
5
What is the greatest common divisor of 24095 and 915?
305
Calculate the highest common divisor of 2769 and 5751.
213
What is the highest common factor of 1827 and 63?
63
What is the greatest common factor of 84 and 56?
28
What is the highest common factor of 247 and 13?
13
What is the highest common factor of 30 and 165?
15
What is the highest common divisor of 20675 and 50?
25
Calculate the greatest common factor of 27816 and 48.
24
What is the highest common divisor of 148 and 111?
37
What is the highest common factor of 65 and 13?
13
Calculate the highest common divisor of 10 and 2715.
5
Calculate the greatest common factor of 690 and 125.
5
What is the highest common divisor of 189 and 42?
21
Calculate the highest common divisor of 7470 and 75.
15
Calculate the highest common divisor of 168 and 2072.
56
Calculate the highest common factor of 32 and 8912.
16
What is the greatest common factor of 42 and 1932?
42
Calculate the highest common divisor of 40 and 16.
8
Calculate the highest common divisor of 21 and 231.
21
Calculate the greatest common divisor of 1466 and 6.
2
Calculate the highest common factor of 224 and 2968.
56
What is the greatest common divisor of 1 and 2543?
1
What is the highest common factor of 6 and 358?
2
What is the greatest common divisor of 7299 and 9?
9
Calculate the greatest common factor of 1475 and 118.
59
What is the greatest common factor of 2581 and 145?
29
Calculate the highest common divisor of 92 and 391.
23
What is the highest common factor of 140 and 105?
35
What is the highest common divisor of 8938 and 738?
82
What is the highest common divisor of 19608 and 57?
57
Calculate the highest common divisor of 5738 and 76.
38
What is the greatest common divisor of 928 and 29?
29
Calculate the highest common factor of 786 and 12.
6
Calculate the greatest common factor of 360 and 150.
30
Calculate the greatest common factor of 556 and 8.
4
What is the greatest common factor of 8 and 124?
4
What is the highest common factor of 6 and 1886?
2
Calculate the highest common divisor of 31 and 17856.
31
What is the highest common factor of 28 and 378?
14
Calculate the greatest common divisor of 4 and 5.
1
Calculate the highest common divisor of 12 and 4764.
12
Calculate the highest common factor of 32 and 512.
32
What is the highest common factor of 148 and 12?
4
Calculate the greatest common divisor of 588 and 105.
21
What is the highest common factor of 113316 and 142?
142
What is the highest common divisor of 16 and 392?
8
What is the highest common divisor of 24 and 1524?
12
Calculate the greatest common divisor of 6017 and 11.
11
Calculate the greatest common divisor of 34278 and 87.
87
Calculate the greatest common factor of 43 and 473.
43
What is the greatest common divisor of 175 and 1375?
25
Calculate the highest common factor of 5656 and 896.
56
What is the highest common factor of 121 and 61?
1
Calculate the highest common factor of 189 and 3864.
21
Calculate the highest common factor of 80 and 35.
5
What is the highest common factor of 165 and 615?
15
What is the greatest common factor of 156 and 13?
13
What is the highest common divisor of 50039 and 11?
11
Calculate the greatest common divisor of 1308 and 192.
12
What is the greatest common factor of 188 and 52?
4
Calculate the greatest common factor of 94 and 1786.
94
Calculate the greatest common divisor of 45 and 9.
9
Calculate the greatest common divisor of 6 and 486.
6
What is the greatest common factor of 935 and 4165?
85
Calculate the greatest common divisor of 1679 and 92.
23
Calculate the greatest common divisor of 3674 and 418.
22
What is the greatest common factor of 413 and 177?
59
What is the greatest common factor of 18479 and 17?
17
Calculate the greatest common divisor of 2 and 16.
2
Calculate the greatest common divisor of 280 and 320.
40
What is the greatest common factor of 9073 and 86?
43
What is the highest common divisor of 5152 and 92?
92
Calculate the greatest common divisor of 1927 and 705.
47
What is the greatest common factor of 104 and 26?
26
Calculate the highest common divisor of 675 and 27.
27
Calculate the highest common divisor of 1296 and 243.
81
What is the highest common divisor of 17 and 493?
17
Calculate the greatest common divisor of 44 and 244.
4
What is the highest common divisor of 27 and 63?
9
What is the highest common factor of 27 and 1?
1
Calculate the greatest common factor of 28 and 9058.
14
What is the highest common divisor of 117 and 369?
9
What is the greatest common divisor of 50 and 9950?
50
Calculate the highest common divisor of 8 and 128.
8
What is the highest common factor of 45 and 14895?
45
What is the highest common factor of 6 and 327?
3
Calculate the greatest common factor of 44 and 66.
22
What is the greatest common factor of 31807 and 17?
17
What is the highest common divisor of 638 and 429?
11
Calculate the highest common divisor of 8614 and 438.
146
What is the highest common divisor of 7 and 5075?
7
What is the highest common factor of 275 and 125?
25
What is the greatest common factor of 20 and 28660?
20
Calculate the highest common divisor of 50 and 6520.
10
Calculate the greatest common factor of 138 and 46.
46
Calculate the greatest common divisor of 261 and 9.
9
What is the highest common divisor of 1903 and 1730?
173
Calculate the greatest common factor of 86 and 6106.
86
What is the highest common divisor of 12 and 14808?
12
What is the highest common divisor of 22 and 781?
11
What is the greatest common factor of 204 and 1122?
102
What is the highest common factor of 38 and 8?
2
What is the highest common divisor of 960 and 60?
60
Calculate the highest common factor of 12 and 2364.
12
Calculate the greatest common divisor of 210 and 154.
14
What is the highest common divisor of 2368 and 74?
74
Calculate the greatest common divisor of 24 and 42.
6
Calculate the highest common factor of 198 and 1089.
99
Calculate the greatest common factor of 64 and 4.
4
What is the greatest common divisor of 107593 and 17?
17
What is the highest common factor of 25752 and 111?
111
Calculate the greatest common factor of 32 and 20784.
16
Calculate the greatest common divisor of 2916 and 4.
4
What is the greatest common divisor of 61 and 5917?
61
What is the highest common factor of 138 and 78?
6
Calculate the greatest common divisor of 16 and 1264.
16
What is the greatest common factor of 180 and 13140?
180
Calculate the highest common factor of 322 and 1058.
46
What is the greatest common factor of 42 and 2877?
21
What is the greatest common divisor of 48191 and 143?
143
What is the highest common divisor of 21 and 497?
7
Calculate the highest common divisor of 112 and 504.
56
What is the greatest common factor of 26 and 377?
13
What is the greatest common factor of 968 and 506?
22
Calculate the greatest common divisor of 21900 and 120.
60
What is the greatest common factor of 684 and 18?
18
What is the greatest common factor of 1 and 630?
1
Calculate the highest common factor of 161 and 14.
7
What is the highest common factor of 3629 and 19?
19
Calculate the highest common divisor of 8 and 40.
8
Calculate the greatest common divisor of 77 and 66.
11
Calculate the highest common factor of 37 and 851.
37
What is the greatest common factor of 119 and 12019?
119
What is the greatest common factor of 598 and 30199?
299
Calculate the greatest common factor of 375 and 15.
15
What is the greatest common divisor of 90701 and 13?
13
Calculate the highest common factor of 228 and 36.
12
Calculate the greatest common divisor of 425 and 50.
25
What is the greatest common factor of 296 and 40?
8
Calculate t